 Let r be a(-1). Let w = 48 - r. What is the remainder when 81 is divided by g(w)?
18
Let r be (-2)/(-9) + 473/99. Suppose -4*x + 182 = 2*t, -r*t + 140 = 6*x - 3*x. Suppose 0 = -2*u + 5*u - x. What is the remainder when 51 is divided by u?
6
Let n = -205 - -21. Calculate the remainder when (n/16)/((-3)/54) is divided by 40.
7
Let o(i) = 43*i + 177. Calculate the remainder when o(5) is divided by 67.
57
Let h(a) = -a**3 - 7*a**2 + 3*a - 15. Let k be h(-6). Let z = -8 - k. Calculate the remainder when z is divided by 2/(6/39) + 3.
13
Let s = 429 - 390. Let a = 79 - 10. Let v = a + -59. Calculate the remainder when s is divided by v.
9
Let s = 240 + -151. Let h = -72 + s. What is the remainder when 129 is divided by h?
10
Suppose 3524*j = 3532*j - 4336. Calculate the remainder when j is divided by 34.
32
Let o(r) = -4*r + 383. Calculate the remainder when 524 is divided by o(53).
11
Let s(u) = -u**3 - 8*u**2 + 7*u - 18. Let a be s(-9). Suppose a = 3*l - 16 - 17. Calculate the remainder when (2/(2/21))/(7/7) is divided by l.
10
Let j = 573 + -188. What is the remainder when j is divided by 6?
1
Let w be (-9 + 12)*(-2)/(-2). Suppose w*b = -2*b + 395. Calculate the remainder when b is divided by (-777)/(-1036) - (-162)/8.
16
Calculate the remainder when 824 is divided by (6/(-5))/((-166)/6640)*(-17)/(-2).
8
Suppose 57 = 8*p + 33. Suppose 2*j = -p*d + 53, 2*d + j - 53 = -19. Calculate the remainder when 19 is divided by d.
4
Suppose -57*g - 7032 = -33*g. Let h = 312 + g. Calculate the remainder when 44 is divided by h.
6
Let x = 112 - 62. Suppose 6*g - 2*g = -5*u + 545, 21*u - 26*u - 55 = 0. Calculate the remainder when g is divided by x.
0
Suppose 3*g + 4026 = 5*z + 2*g, 2*z = 3*g + 1613. What is the remainder when z is divided by 45?
40
Let w = -104 + 49. Let p = w + 75. Suppose 0 = 5*q - 5, -2*g + 66 = -5*q - 5. What is the remainder when g is divided by p?
18
Let i be (10/14)/(46/322). Suppose -180 = i*k - 15*k. What is the remainder when (-4)/(-14) + (-1952)/(-28) is divided by k?
16
Let q(x) = 4*x**2 - 64*x + 71. Calculate the remainder when q(30) is divided by 176.
167
Suppose -7*q + 20 = -8. Suppose 5*x - 19 = -q. Calculate the remainder when 256/2 - x/((-3)/(-1)) is divided by 43.
41
Calculate the remainder when 179 is divided by (-25)/(-250) - (-1014)/60.
9
Suppose 3*f + 85 = 5*t, -190*f + 195*f = -25. What is the remainder when 2806 is divided by t?
6
Suppose 0 = 5*m + 316*q - 313*q - 8411, q - 2 = 0. What is the remainder when m is divided by 35?
1
Suppose x - 5*y - 29 = 0, 0*y = -5*x - y + 15. Let o = 332 + -283. Suppose i + 5*b - 65 = -x*i, -3*i = b - o. What is the remainder when 89 is divided by i?
17
Let b(j) = -j**3 + 30*j**2 - 24*j - 128. Calculate the remainder when 136 is divided by b(29).
0
Let d(f) = -f**3 + 4*f**2 - f. Suppose 41*q - 2 = 40*q. Let a be d(q). Let x(y) = 11*y - 8. What is the remainder when x(a) is divided by 30?
28
Let i be -2 + 4 - (-1 + 1 + -5). Suppose 8*u = i*u - 45. What is the remainder when 10 is divided by (-186)/u + 6/(-45)?
2
Suppose 56 = -h - 0. Let j = 5770 + -5697. Let z = h + j. What is the remainder when z is divided by 5?
2
Calculate the remainder when (-22)/77 - (1638558/(-42) - 3) is divided by 14.
12
Suppose -4007*g + 4016*g - 153 = 0. What is the remainder when 2869 is divided by g?
13
Let k(p) = p**2 - 4*p + 7. Let j be (25 - 11)/(2/4*4). Suppose -j - 53 = -5*x. Calculate the remainder when k(10) is divided by x.
7
Suppose -3*q = 2*r + q - 1124, -2*r = 5*q - 1123. Calculate the remainder when r is divided by 142.
138
Let z(c) = 22*c**3 + c**2 - c + 1. What is the remainder when 3 - 7471/(-62) - (4 + 3)/14 is divided by z(1)?
8
Let q = -16028 + 16087. What is the remainder when 1736 is divided by q?
25
What is the remainder when 967 is divided by 4/38 + (-674584)/(-2812)?
7
Let r be ((-10)/(7 - 2) + -4)/(-2). Suppose -d + 2*n = -19, 0 = -7*d + 9*d + r*n - 45. What is the remainder when ((-6)/5)/((-2)/60) is divided by d?
15
What is the remainder when 286 is divided by -11 - (-490)/14 - (-3)/1?
16
Let t(k) = 9*k - 7. Let m(z) = 11*z - 7. Let w(v) = 2*m(v) - 3*t(v). Let g = 6 - 1. What is the remainder when w(0) is divided by g?
2
Let u = 337 + -402. Let i(q) = -q**3 + 10*q**2 + 6*q + 14. Let d be i(10). Let y = d + u. What is the remainder when 25 is divided by y?
7
Suppose 17*z - 9667 = -2204. Calculate the remainder when z is divided by 254.
185
Let j(b) = -6*b**3 - 30*b**2 + 2*b + 21. Let a be j(-5). Suppose -118 = -a*s + 487. Calculate the remainder when 207 is divided by s.
42
Let c(s) = s**3 - 8*s**2 + 4*s - 35. Let n be c(9). Suppose 247 = 5*j - 5*k + n, 165 = 5*j - k. Calculate the remainder when 327 is divided by j.
30
Let z = -35039 - -35127. What is the remainder when z is divided by 47?
41
Suppose 4*s + 0*s = q + 14, 5*q = 2*s - 16. Suppose s*f = 4*f + 4. Calculate the remainder when (((-56)/21)/f)/(4/54) is divided by 5.
4
Suppose 4*k = 5*t - 631, -3*t + 165 = -k - 208. Calculate the remainder when 1101 is divided by t.
117
Let p(h) = h**3 + 14*h**2 + 12*h + 6. Let n be p(-13). Let z = 32 - n. Calculate the remainder when -12*(40/(-18) + (-2)/(-9)) is divided by z.
11
Let m(g) = -96*g**3 + g + 2 + 126*g**3 + 3*g**3 + 152*g**3 - 2*g**2 + 156*g**3. Calculate the remainder when m(1) is divided by 69.
66
Suppose -5*k + 17808 = -2417. Calculate the remainder when k is divided by 16.
13
Suppose 31*m - 6639 = -2268. Calculate the remainder when m is divided by 56.
29
Let y(h) = 100*h**2 - 23*h + 3. Calculate the remainder when y(5) is divided by 23.
19
Suppose r + 2*t = -10, -3*r - 7 - 13 = t. Let f(d) = 4*d**2 - 13. Let g be f(r). What is the remainder when g + (-3 - -11)/(-4) is divided by 33?
30
Suppose j + v - 3189 = 0, -43*v = -40*v - 9. What is the remainder when j is divided by 1587?
12
Suppose -q + 3*x = 7*x + 28, -q - 23 = 3*x. What is the remainder when 192 is divided by (-2 + 0)*52/q?
10
Suppose -5*q - 3*i = -28, 3*i = q - 3 + 1. Suppose -8*u = q*c - 9*u - 152, u - 158 = -5*c. Calculate the remainder when 152 is divided by c.
28
Let j(f) = -2*f**3 - 4*f**2 + 43*f + 116. Calculate the remainder when j(-6) is divided by 56.
34
Suppose i = 3*m + 90, 0 = -4*i + 3*m - 4*m + 412. Let b = i - 121. Let t = b - -43. What is the remainder when 61 is divided by t?
13
Let k be (-24)/(-18)*33/2. Let x(r) = 3*r - 8. Let n be x(k). Suppose i = -3*v + n, 10 = v + i - 10. What is the remainder when v is divided by 11?
8
Let t = 763 - 587. Suppose 2*h - 6*h + t = 0. What is the remainder when 85 is divided by h?
41
Calculate the remainder when ((-741)/76)/((-6)/16) is divided by ((-13 - -3) + -2)/(4/(-6)).
8
Suppose 0 = -9*x + 4*x + 5. Let r(i) = -6 - 1 + 13*i + x. What is the remainder when r(3) is divided by 17?
16
Suppose -90 = 2*t - 4*t. Suppose -z + 56 + t = -3*j, 0 = 3*j - 4*z + 107. Let b = j + 57. What is the remainder when b is divided by 13?
11
Let l = -8 - -20. Let a(p) = -2*p**3 + 24*p**2 + 7*p + 12. Calculate the remainder when a(l) is divided by 1 - 1 - (-2 + -23).
21
Let p(w) be the first derivative of w**4/4 - 4*w**3 + 11*w**2/2 - w - 45. What is the remainder when p(12) is divided by (-200)/(-10) - (1 + -3)?
21
Let c(p) = 14*p**2 + 3. Let s be c(-4). Suppose 18*g + 15 = 21*g. Suppose 0 = -g*w - 7 + s. Calculate the remainder when w is divided by 9.
8
Suppose -3*w = 6, 5*b + 4*w = -0*b + 137. Let o = 978 + -639. Suppose -4*g + c = -o, -27 = -g - 5*c + 42. What is the remainder when g is divided by b?
26
Let v(z) = 2*z**2 + 27*z + 87. Suppose 0 = 60*s - 24*s - 432. Calculate the remainder when v(-30) is divided by s.
9
Let y = -23933 + 23960. Let f = 7 + -3. What is the remainder when y is divided by f?
3
Let n(l) = 64*l + 3793. What is the remainder when n(44) is divided by 87?
84
Let v(q) = -q**3 + 41*q**2 + 17*q + 171. Calculate the remainder when v(41) is divided by 87.
85
Let s be 4/10 + (-18)/45 + 2. Suppose 0 = -4*l + 4*d + 392, -l - 2*d + 284 = s*l. What is the remainder when l is divided by 33?
30
Suppose 4*l - 36 = 26*f - 27*f, l - 69 = -4*f. Suppose -d = -0*d + 3*z - 34, -116 = -3*d - 2*z. Calculate the remainder when d is divided by f.
8
Let k = -436 + 489. Suppose -13*i + 50 = -11*i + 4*u, i - k = 5*u. What is the remainder when i is divided by 19?
14
Let j(b) 